mber?
True
Is 38561917 a composite number?
True
Is 235468699 prime?
False
Is 82900733 prime?
False
Is 25880951 a composite number?
True
Is 43769669 a prime number?
True
Is 36787 a prime number?
True
Is 118597391 a prime number?
False
Is 73786243 a prime number?
False
Is 5121979 a composite number?
False
Is 16206569 composite?
False
Is 2456021 a prime number?
True
Is 8529413 a composite number?
False
Is 15163483 composite?
False
Is 61778879 a prime number?
True
Is 68006381 a composite number?
True
Is 453834793 prime?
True
Is 2324099 composite?
True
Is 2990929 composite?
True
Is 73310389 composite?
True
Is 1554335 prime?
False
Is 231188807 a composite number?
False
Is 960574 composite?
True
Is 94754267 a composite number?
True
Is 261646009 a composite number?
False
Is 106427605 a prime number?
False
Is 38015255 prime?
False
Is 1200581 a prime number?
True
Is 127017223 a prime number?
False
Is 51056393 prime?
False
Is 369319 composite?
False
Is 26889041 composite?
False
Is 1412933 composite?
False
Is 35524007 a prime number?
False
Is 15125423 composite?
False
Is 52907 prime?
False
Is 131319311 prime?
True
Is 26420341 prime?
False
Is 5499647 prime?
False
Is 11186849 a prime number?
True
Is 1409534903 prime?
False
Is 54308383 a prime number?
True
Is 5790881 prime?
False
Is 66577 prime?
False
Is 46772923 composite?
True
Is 67100051 a prime number?
False
Is 10265579 composite?
True
Is 167722433 composite?
False
Is 4956371 composite?
True
Is 9701011 prime?
True
Is 5885113 a composite number?
True
Is 25030169 composite?
False
Is 4867661 prime?
False
Is 3575653 a prime number?
True
Is 357473 a prime number?
True
Is 97808957 a composite number?
False
Is 88897327 prime?
True
Is 242197 a composite number?
False
Is 1940051 a composite number?
True
Is 59864759 prime?
True
Is 9359531 composite?
False
Is 20281871 a composite number?
True
Is 40999033 composite?
True
Is 24326651 composite?
False
Is 14866919 a prime number?
True
Is 20445709 a composite number?
True
Is 893081 a prime number?
False
Is 46938497 a composite number?
False
Is 4660349 a composite number?
False
Is 21691751 a composite number?
False
Is 6773999 a prime number?
True
Is 88324007 a composite number?
False
Is 2251915 prime?
False
Is 3047789 composite?
False
Is 991313 a composite number?
False
Is 289145483 a prime number?
False
Is 4220231 a composite number?
True
Is 10590413 a prime number?
True
Is 758999 a prime number?
False
Is 396289 composite?
True
Is 6139649 prime?
False
Is 2653459 prime?
True
Is 27223187 a composite number?
False
Is 1157281 prime?
False
Is 540519179 composite?
False
Is 20844853 a prime number?
False
Is 8638169 composite?
True
Is 39017923 prime?
False
Is 927049 prime?
True
Is 845849 prime?
True
Is 1208809 a composite number?
True
Is 629138 prime?
False
Is 9584173 a prime number?
True
Is 22354511 composite?
False
Is 31263823 a prime number?
False
Is 13745 composite?
True
Is 28396327 a prime number?
True
Is 97636153 a composite number?
True
Is 115720167 a composite number?
True
Is 950207 composite?
False
Is 5252917 composite?
False
Is 9072299 a prime number?
True
Is 26346677 a prime number?
False
Is 29637109 composite?
False
Is 16017811 prime?
False
Is 59630231 prime?
False
Is 152416109 a prime number?
False
Is 14838337 prime?
True
Is 44031067 a composite number?
True
Is 307867667 a composite number?
True
Is 12907771 prime?
True
Is 574076729 a prime number?
True
Is 3096707 prime?
False
Is 7651427 composite?
True
Is 13789409 prime?
False
Is 430163 prime?
False
Is 84187 composite?
True
Is 721684253 a composite number?
True
Is 1605974 a prime number?
False
Is 12095437 a composite number?
True
Is 29163709 a composite number?
False
Is 336479207 composite?
True
Is 147281 composite?
True
Is 31945663 prime?
True
Is 45190841 prime?
True
Is 29398801 a composite number?
False
Is 10674061 a prime number?
False
Is 18992047 composite?
False
Is 5525531 prime?
False
Is 33709265 prime?
False
Is 15388811 prime?
True
Is 8718779 composite?
False
Is 114415789 a composite number?
True
Is 302356643 composite?
True
Is 5654387 a prime number?
False
Is 651097 a prime number?
True
Is 1621979 a prime number?
True
Is 126619543 composite?
False
Is 959027 prime?
False
Is 16754341 a composite number?
False
Is 2434277 prime?
True
Is 2803543 a composite number?
False
Is 14420255 composite?
True
Is 206519 a prime number?
True
Is 21460171 prime?
False
Is 4824349 composite?
True
Is 121097863 prime?
True
Is 7921679 composite?
False
Is 1737997 prime?
False
Is 36490543 a composite number?
True
Is 14441989 prime?
False
Is 309667 prime?
True
Is 83785789 prime?
False
Is 285953854 composite?
True
Is 1344389 prime?
True
Is 2298719 prime?
True
Is 107430281 a composite number?
True
Is 2706371 prime?
False
Is 33265723 a prime number?
True
Is 126196051 a composite number?
False
Is 62028823 a composite number?
True
Is 9002831 a composite number?
False
Is 7746047 a composite number?
False
Is 11658359 a composite number?
False
Is 1287431 composite?
False
Is 6041123 composite?
True
Is 1837601 a prime number?
True
Is 271271027 prime?
True
Is 1303632839 composite?
False
Is 275251 composite?
False
Is 107572655 a prime number?
False
Is 86291111 a prime number?
False
Is 82501373 composite?
False
Is 24252193 a composite number?
True
Is 1356319 composite?
False
Is 2957131 a composite number?
True
Is 5038279 composite?
True
Is 350168201 composite?
True
Is 345727 a composite number?
False
Is 3103147 a prime number?
True
Is 3851417 composite?
True
Is 3525161 composite?
False
Is 1269389 composite?
True
Is 30123997 a composite number?
True
Is 411721 a composite number?
False
Is 2368907 a composite number?
False
Is 94290047 a prime number?
False
Is 304939 prime?
False
Is 231531439 composite?
True
Is 6565487 composite?
False
Is 2032139 composite?
True
Is 40173881 prime?
False
Is 4898735 a composite number?
True
Is 1796167 a prime number?
True
Is 26762569 a composite number?
True
Is 610253 prime?
False
Is 133477177 composite?
True
Is 2652269 a composite number?
False
Is 2326007 prime?
True
Is 126184903 composite?
True
Is 10065637 a prime number?
False
Is 8708963 a composite number?
False
Is 98058329 a composite number?
True
Is 22354147 a prime number?
False
Is 375686 prime?
False
Is 13002085 prime?
False
Is 1340015 composite?
True
Is 5046607 prime?
False
Is 210870899 a prime number?
True
Is 8199941 prime?
True
Is 591839 composite?
True
Is 22447241 prime?
False
Is 230017 composite?
False
Is 4967881 a prime number?
True
Is 5883707 a composite number?
True
Is 4885781 a composite number?
True
Is 141748279 a composite number?
True
Is 25391679 composite?
True
Is 88847201 composite?
False
Is 53246239 prime?
True
Is 25907521 a prime number?
True
Is 511884823 a composite number?
False
Is 469990294 composite?
True
Is 2051383 prime?
True
Is 692633 prime?
False
Is 41590583 a composite number?
False
Is 12900877 a composite number?
True
Is 7975081 prime?
False
Is 8389441 prime?
True
Is 1506119 prime?
False
Is 170834017 a prime number?
False
Is 28868839 composite?
True
Is 35292659 composite?
True
Is 247858627 composite?
False
Is 3613931 a prime number?
True
Is 166687379 a composite number?
False
Is 5755859 prime?
True
Is 1440437 prime?
True
Is 2269177 a composite number?
True
Is 18652039 a composite number?
True
Is 1348301 a composite number?
True
Is 24602803 a composite number?
False
Is 17357383 a composite number?
False
Is 939089 composite?
False
Is 203721617 composite?
True
Is 6980245 composite?
True
Is 20680859 a composite number?
True
Is 9109 composite?
False
Is 5119501 composite?
True
Is 314332747 a prime number?
False
Is 236710742 a prime number?
False
Is 106152353 a prime number?
False
Is 3694885 prime?
False
Is 14403187 a composite number?
False
Is 19889891 a composite number?
True
Is 24529961 composite?
False
Is 4710487 a prime number?
False
Is 12728213 a prime number?
False
Is 73080493 a composite number?
True
Is 114625601 a composite number?
True
Is 352800007 a prime number?
False
Is 8289003 a prime number?
False
Is 165307607 a composite number?
True
Is 741337 a composite number?
False
Is 5040199 composite?
True
Is 8079419 composite?
True
Is 701650967 a prime number?
True
Is 10741879 a prime number?
True
Is 131982793 a composite number?
Tr